{"id":763,"date":"2020-11-18T18:26:31","date_gmt":"2020-11-18T17:26:31","guid":{"rendered":"http:\/\/elviresoubiran.com\/?page_id=763"},"modified":"2021-04-29T19:17:00","modified_gmt":"2021-04-29T17:17:00","slug":"italie","status":"publish","type":"page","link":"https:\/\/elviresoubiran.com\/index.php\/italie\/","title":{"rendered":"Italie"},"content":{"rendered":"\t\t<div data-elementor-type=\"wp-page\" data-elementor-id=\"763\" class=\"elementor elementor-763\">\n\t\t\t\t\t\t<div class=\"elementor-inner\">\n\t\t\t\t<div class=\"elementor-section-wrap\">\n\t\t\t\t\t\t\t\t\t<section class=\"elementor-section elementor-top-section elementor-element elementor-element-123b075 elementor-section-stretched elementor-section-boxed elementor-section-height-default elementor-section-height-default\" data-id=\"123b075\" data-element_type=\"section\" data-settings=\"{&quot;stretch_section&quot;:&quot;section-stretched&quot;}\">\n\t\t\t\t\t\t<div class=\"elementor-container elementor-column-gap-default\">\n\t\t\t\t\t\t\t<div class=\"elementor-row\">\n\t\t\t\t\t<div class=\"elementor-column elementor-col-50 elementor-top-column elementor-element elementor-element-a849984\" data-id=\"a849984\" data-element_type=\"column\">\n\t\t\t<div class=\"elementor-column-wrap elementor-element-populated\">\n\t\t\t\t\t\t\t<div class=\"elementor-widget-wrap\">\n\t\t\t\t\t\t<div class=\"elementor-element elementor-element-8148179 elementor-position-top elementor-vertical-align-top elementor-widget elementor-widget-image-box\" data-id=\"8148179\" data-element_type=\"widget\" data-widget_type=\"image-box.default\">\n\t\t\t\t<div class=\"elementor-widget-container\">\n\t\t\t<div class=\"elementor-image-box-wrapper\"><figure class=\"elementor-image-box-img\"><a href=\"http:\/\/elviresoubiran.com\/index.php\/top-5-de-mes-coups-de-coeur-sicilien\/\"><img loading=\"lazy\" decoding=\"async\" width=\"2560\" height=\"1707\" src=\"https:\/\/elviresoubiran.com\/wp-content\/uploads\/2020\/11\/1605719579222-scaled.jpg\" class=\"elementor-animation-float attachment-full size-full wp-image-755\" alt=\"\" srcset=\"https:\/\/elviresoubiran.com\/wp-content\/uploads\/2020\/11\/1605719579222-scaled.jpg 2560w, https:\/\/elviresoubiran.com\/wp-content\/uploads\/2020\/11\/1605719579222-300x200.jpg 300w, https:\/\/elviresoubiran.com\/wp-content\/uploads\/2020\/11\/1605719579222-1024x683.jpg 1024w, https:\/\/elviresoubiran.com\/wp-content\/uploads\/2020\/11\/1605719579222-768x512.jpg 768w, https:\/\/elviresoubiran.com\/wp-content\/uploads\/2020\/11\/1605719579222-1536x1024.jpg 1536w, https:\/\/elviresoubiran.com\/wp-content\/uploads\/2020\/11\/1605719579222-2048x1365.jpg 2048w\" sizes=\"(max-width: 767px) 89vw, (max-width: 1000px) 54vw, (max-width: 1071px) 543px, 580px\" \/><\/a><\/figure><div class=\"elementor-image-box-content\"><h4 class=\"elementor-image-box-title\"><a href=\"http:\/\/elviresoubiran.com\/index.php\/top-5-de-mes-coups-de-coeur-sicilien\/\">Top 5 de mes coups de coeur sicilien<\/a><\/h4><p class=\"elementor-image-box-description\">Un m\u00e9lange de monuments, de temples antiques, de lieux naturels incroyables, je vous emm\u00e8nes avec moi pour vous pr\u00e9senter mes coups de coeur sicilien !<\/p><\/div><\/div>\t\t<\/div>\n\t\t\t\t<\/div>\n\t\t\t\t\t\t<\/div>\n\t\t\t\t\t<\/div>\n\t\t<\/div>\n\t\t\t\t<div class=\"elementor-column elementor-col-50 elementor-top-column elementor-element elementor-element-e207e8b\" data-id=\"e207e8b\" data-element_type=\"column\">\n\t\t\t<div class=\"elementor-column-wrap\">\n\t\t\t\t\t\t\t<div class=\"elementor-widget-wrap\">\n\t\t\t\t\t\t\t\t<\/div>\n\t\t\t\t\t<\/div>\n\t\t<\/div>\n\t\t\t\t\t\t\t\t<\/div>\n\t\t\t\t\t<\/div>\n\t\t<\/section>\n\t\t\t\t\t\t\t\t\t<\/div>\n\t\t\t<\/div>\n\t\t\t\t\t<\/div>\n\t\t","protected":false},"excerpt":{"rendered":"<p>Top 5 de mes coups de coeur sicilien Un m\u00e9lange de monuments, de temples antiques, de lieux naturels incroyables, je vous emm\u00e8nes avec moi pour vous pr\u00e9senter mes coups de coeur sicilien !<\/p>\n","protected":false},"author":1,"featured_media":0,"parent":0,"menu_order":0,"comment_status":"closed","ping_status":"closed","template":"","meta":{"footnotes":""},"_links":{"self":[{"href":"https:\/\/elviresoubiran.com\/index.php\/wp-json\/wp\/v2\/pages\/763"}],"collection":[{"href":"https:\/\/elviresoubiran.com\/index.php\/wp-json\/wp\/v2\/pages"}],"about":[{"href":"https:\/\/elviresoubiran.com\/index.php\/wp-json\/wp\/v2\/types\/page"}],"author":[{"embeddable":true,"href":"https:\/\/elviresoubiran.com\/index.php\/wp-json\/wp\/v2\/users\/1"}],"replies":[{"embeddable":true,"href":"https:\/\/elviresoubiran.com\/index.php\/wp-json\/wp\/v2\/comments?post=763"}],"version-history":[{"count":13,"href":"https:\/\/elviresoubiran.com\/index.php\/wp-json\/wp\/v2\/pages\/763\/revisions"}],"predecessor-version":[{"id":1108,"href":"https:\/\/elviresoubiran.com\/index.php\/wp-json\/wp\/v2\/pages\/763\/revisions\/1108"}],"wp:attachment":[{"href":"https:\/\/elviresoubiran.com\/index.php\/wp-json\/wp\/v2\/media?parent=763"}],"curies":[{"name":"wp","href":"https:\/\/api.w.org\/{rel}","templated":true}]}}