{"id":7,"date":"2020-11-06T16:50:14","date_gmt":"2020-11-06T15:50:14","guid":{"rendered":"http:\/\/elviresoubiran.com\/?page_id=7"},"modified":"2020-11-22T19:20:58","modified_gmt":"2020-11-22T18:20:58","slug":"a-propos-de","status":"publish","type":"page","link":"https:\/\/elviresoubiran.com\/index.php\/a-propos-de\/","title":{"rendered":"Un peu de moi"},"content":{"rendered":"\t\t<div data-elementor-type=\"wp-page\" data-elementor-id=\"7\" class=\"elementor elementor-7\">\n\t\t\t\t\t\t<div class=\"elementor-inner\">\n\t\t\t\t<div class=\"elementor-section-wrap\">\n\t\t\t\t\t\t\t\t\t<section class=\"elementor-section elementor-top-section elementor-element elementor-element-c8fd3f8 elementor-section-stretched elementor-section-boxed elementor-section-height-default elementor-section-height-default\" data-id=\"c8fd3f8\" data-element_type=\"section\" data-settings=\"{&quot;stretch_section&quot;:&quot;section-stretched&quot;}\">\n\t\t\t\t\t\t<div class=\"elementor-container elementor-column-gap-default\">\n\t\t\t\t\t\t\t<div class=\"elementor-row\">\n\t\t\t\t\t<div class=\"elementor-column elementor-col-50 elementor-top-column elementor-element elementor-element-fbd06df\" data-id=\"fbd06df\" data-element_type=\"column\">\n\t\t\t<div class=\"elementor-column-wrap elementor-element-populated\">\n\t\t\t\t\t\t\t<div class=\"elementor-widget-wrap\">\n\t\t\t\t\t\t<div class=\"elementor-element elementor-element-a68cc35 elementor-widget elementor-widget-text-editor\" data-id=\"a68cc35\" data-element_type=\"widget\" data-widget_type=\"text-editor.default\">\n\t\t\t\t<div class=\"elementor-widget-container\">\n\t\t\t\t\t\t\t\t<div class=\"elementor-text-editor elementor-clearfix\">\n\t\t\t\t<p>Hello \u00e0 tous !\u00a0<\/p><p>Je m&#8217;appelle <strong>Elvire<\/strong>, j&#8217;ai 24 ans et j&#8217;habite actuellement \u00e0 Orl\u00e9ans.<\/p><p>Dipl\u00f4m\u00e9e depuis septembre d&#8217;un Bac +5 en communication \u00e9v\u00e9nementielle et digitale, je profite aujourd&#8217;hui du temps qui m&#8217;est donn\u00e9 <em>(#confinement)<\/em> pour cr\u00e9er ce &#8220;blog&#8221; voyage. Une envie qui date de plusieurs ann\u00e9es d\u00e9j\u00e0, \u00e0 la fois pour mettre par \u00e9crit mes diff\u00e9rentes aventures autour du monde et \u00e9galement pour d\u00e9velopper mes comp\u00e9tences dans la cr\u00e9ation de site internet. <img decoding=\"async\" class=\"emoji\" role=\"img\" draggable=\"false\" src=\"https:\/\/s.w.org\/images\/core\/emoji\/13.0.0\/svg\/1f4aa.svg\" alt=\"\ud83d\udcaa\" \/><\/p><p>Ce sont mes grand-parents qui m&#8217;ont donn\u00e9 ce besoin permanent de voyager et de d\u00e9couvrir de nouvelles culture. Alors, d\u00e8s que je le peux, je prends la voiture, le train ou l&#8217;avion et je pars explorer de nouveaux horizons.\u00a0<\/p>\t\t\t\t\t<\/div>\n\t\t\t\t\t\t<\/div>\n\t\t\t\t<\/div>\n\t\t\t\t\t\t<\/div>\n\t\t\t\t\t<\/div>\n\t\t<\/div>\n\t\t\t\t<div class=\"elementor-column elementor-col-50 elementor-top-column elementor-element elementor-element-ce04a21\" data-id=\"ce04a21\" data-element_type=\"column\">\n\t\t\t<div class=\"elementor-column-wrap elementor-element-populated\">\n\t\t\t\t\t\t\t<div class=\"elementor-widget-wrap\">\n\t\t\t\t\t\t<div class=\"elementor-element elementor-element-5d84d87 elementor-widget elementor-widget-image\" data-id=\"5d84d87\" data-element_type=\"widget\" data-widget_type=\"image.default\">\n\t\t\t\t<div class=\"elementor-widget-container\">\n\t\t\t\t\t\t\t\t<div class=\"elementor-image\">\n\t\t\t\t\t\t\t\t\t\t\t\t<img loading=\"lazy\" decoding=\"async\" width=\"525\" height=\"786\" src=\"https:\/\/elviresoubiran.com\/wp-content\/uploads\/2020\/11\/Save-Your-Date-3-2-684x1024.jpg\" class=\"attachment-large size-large wp-image-595\" alt=\"\" srcset=\"https:\/\/elviresoubiran.com\/wp-content\/uploads\/2020\/11\/Save-Your-Date-3-2-684x1024.jpg 684w, https:\/\/elviresoubiran.com\/wp-content\/uploads\/2020\/11\/Save-Your-Date-3-2-200x300.jpg 200w, https:\/\/elviresoubiran.com\/wp-content\/uploads\/2020\/11\/Save-Your-Date-3-2-768x1150.jpg 768w, https:\/\/elviresoubiran.com\/wp-content\/uploads\/2020\/11\/Save-Your-Date-3-2-1025x1536.jpg 1025w, https:\/\/elviresoubiran.com\/wp-content\/uploads\/2020\/11\/Save-Your-Date-3-2-1367x2048.jpg 1367w, https:\/\/elviresoubiran.com\/wp-content\/uploads\/2020\/11\/Save-Your-Date-3-2.jpg 1669w\" sizes=\"100vw\" \/>\t\t\t\t\t\t\t\t\t\t\t\t\t\t<\/div>\n\t\t\t\t\t\t<\/div>\n\t\t\t\t<\/div>\n\t\t\t\t\t\t<\/div>\n\t\t\t\t\t<\/div>\n\t\t<\/div>\n\t\t\t\t\t\t\t\t<\/div>\n\t\t\t\t\t<\/div>\n\t\t<\/section>\n\t\t\t\t\t\t\t\t\t<\/div>\n\t\t\t<\/div>\n\t\t\t\t\t<\/div>\n\t\t","protected":false},"excerpt":{"rendered":"<p>Hello \u00e0 tous !\u00a0 Je m&#8217;appelle Elvire, j&#8217;ai 24 ans et j&#8217;habite actuellement \u00e0 Orl\u00e9ans. Dipl\u00f4m\u00e9e depuis septembre d&#8217;un Bac +5 en communication \u00e9v\u00e9nementielle et digitale, je profite aujourd&#8217;hui du temps qui m&#8217;est donn\u00e9 (#confinement) pour cr\u00e9er ce &#8220;blog&#8221; voyage. Une envie qui date de plusieurs ann\u00e9es d\u00e9j\u00e0, \u00e0 la fois pour mettre par \u00e9crit &hellip; <\/p>\n<p class=\"link-more\"><a href=\"https:\/\/elviresoubiran.com\/index.php\/a-propos-de\/\" class=\"more-link\">Continue reading<span class=\"screen-reader-text\"> &#8220;Un peu de moi&#8221;<\/span><\/a><\/p>\n","protected":false},"author":1,"featured_media":0,"parent":0,"menu_order":0,"comment_status":"closed","ping_status":"closed","template":"","meta":{"footnotes":""},"_links":{"self":[{"href":"https:\/\/elviresoubiran.com\/index.php\/wp-json\/wp\/v2\/pages\/7"}],"collection":[{"href":"https:\/\/elviresoubiran.com\/index.php\/wp-json\/wp\/v2\/pages"}],"about":[{"href":"https:\/\/elviresoubiran.com\/index.php\/wp-json\/wp\/v2\/types\/page"}],"author":[{"embeddable":true,"href":"https:\/\/elviresoubiran.com\/index.php\/wp-json\/wp\/v2\/users\/1"}],"replies":[{"embeddable":true,"href":"https:\/\/elviresoubiran.com\/index.php\/wp-json\/wp\/v2\/comments?post=7"}],"version-history":[{"count":24,"href":"https:\/\/elviresoubiran.com\/index.php\/wp-json\/wp\/v2\/pages\/7\/revisions"}],"predecessor-version":[{"id":896,"href":"https:\/\/elviresoubiran.com\/index.php\/wp-json\/wp\/v2\/pages\/7\/revisions\/896"}],"wp:attachment":[{"href":"https:\/\/elviresoubiran.com\/index.php\/wp-json\/wp\/v2\/media?parent=7"}],"curies":[{"name":"wp","href":"https:\/\/api.w.org\/{rel}","templated":true}]}}