{"id":231,"date":"2020-11-09T17:55:14","date_gmt":"2020-11-09T16:55:14","guid":{"rendered":"http:\/\/elviresoubiran.com\/?page_id=231"},"modified":"2020-11-24T16:34:49","modified_gmt":"2020-11-24T15:34:49","slug":"norvege","status":"publish","type":"page","link":"https:\/\/elviresoubiran.com\/index.php\/norvege\/","title":{"rendered":"Norv\u00e8ge"},"content":{"rendered":"\t\t<div data-elementor-type=\"wp-page\" data-elementor-id=\"231\" class=\"elementor elementor-231\">\n\t\t\t\t\t\t<div class=\"elementor-inner\">\n\t\t\t\t<div class=\"elementor-section-wrap\">\n\t\t\t\t\t\t\t\t\t<section class=\"elementor-section elementor-top-section elementor-element elementor-element-ae9b1af elementor-section-stretched elementor-section-boxed elementor-section-height-default elementor-section-height-default\" data-id=\"ae9b1af\" data-element_type=\"section\" data-settings=\"{&quot;stretch_section&quot;:&quot;section-stretched&quot;,&quot;background_background&quot;:&quot;classic&quot;}\">\n\t\t\t\t\t\t<div class=\"elementor-container elementor-column-gap-default\">\n\t\t\t\t\t\t\t<div class=\"elementor-row\">\n\t\t\t\t\t<div class=\"elementor-column elementor-col-100 elementor-top-column elementor-element elementor-element-1b476d8\" data-id=\"1b476d8\" data-element_type=\"column\">\n\t\t\t<div class=\"elementor-column-wrap elementor-element-populated\">\n\t\t\t\t\t\t\t<div class=\"elementor-widget-wrap\">\n\t\t\t\t\t\t<div class=\"elementor-element elementor-element-c629e2e elementor-widget elementor-widget-text-editor\" data-id=\"c629e2e\" data-element_type=\"widget\" data-widget_type=\"text-editor.default\">\n\t\t\t\t<div class=\"elementor-widget-container\">\n\t\t\t\t\t\t\t\t<div class=\"elementor-text-editor elementor-clearfix\">\n\t\t\t\t<p style=\"margin-bottom: 0px; border: 0px; outline: 0px; font-size: 15px; text-size-adjust: 100%; vertical-align: baseline; background-image: initial; background-position: initial; background-size: initial; background-repeat: initial; background-attachment: initial; background-origin: initial; background-clip: initial; color: #586063; font-family: Lato, Helvetica, Arial, Lucida, sans-serif; text-align: center;\"><span style=\"font-family: ABeeZee; font-size: 10pt;\"><span style=\"margin: 0px; padding: 0px; border: 0px; outline: 0px; text-size-adjust: 100%; vertical-align: baseline; background: transparent; font-weight: bold;\"><i>Capitale<\/i>:<\/span>\u00a0Oslo<\/span><\/p><p style=\"margin-bottom: 0px; border: 0px; outline: 0px; font-size: 15px; text-size-adjust: 100%; vertical-align: baseline; background-image: initial; background-position: initial; background-size: initial; background-repeat: initial; background-attachment: initial; background-origin: initial; background-clip: initial; color: #586063; font-family: Lato, Helvetica, Arial, Lucida, sans-serif; text-align: center;\"><span style=\"font-family: ABeeZee; font-size: 10pt;\"><span style=\"margin: 0px; padding: 0px; border: 0px; outline: 0px; text-size-adjust: 100%; vertical-align: baseline; background: transparent; font-weight: bold;\"><i>Superficie<\/i>:<\/span>\u00a0385 200 km2<\/span><\/p><p style=\"margin-bottom: 0px; border: 0px; outline: 0px; font-size: 15px; text-size-adjust: 100%; vertical-align: baseline; background-image: initial; background-position: initial; background-size: initial; background-repeat: initial; background-attachment: initial; background-origin: initial; background-clip: initial; color: #586063; font-family: Lato, Helvetica, Arial, Lucida, sans-serif; text-align: center;\"><span style=\"font-family: ABeeZee; font-size: 10pt;\"><span style=\"margin: 0px; padding: 0px; border: 0px; outline: 0px; text-size-adjust: 100%; vertical-align: baseline; background: transparent; font-weight: bold;\"><i>Population<\/i>:<\/span>\u00a05,4 millions d\u2019habitants (2020)<\/span><\/p><p style=\"margin-bottom: 0px; border: 0px; outline: 0px; font-size: 15px; text-size-adjust: 100%; vertical-align: baseline; background-image: initial; background-position: initial; background-size: initial; background-repeat: initial; background-attachment: initial; background-origin: initial; background-clip: initial; color: #586063; font-family: Lato, Helvetica, Arial, Lucida, sans-serif; text-align: center;\"><span style=\"font-family: ABeeZee; font-size: 10pt;\"><span style=\"margin: 0px; padding: 0px; border: 0px; outline: 0px; text-size-adjust: 100%; vertical-align: baseline; background: transparent; font-weight: bold;\"><i>Densit\u00e9<\/i>:<\/span>\u00a014 hab.\/km2<\/span><\/p><p style=\"margin-bottom: 0px; border: 0px; outline: 0px; font-size: 15px; text-size-adjust: 100%; vertical-align: baseline; background-image: initial; background-position: initial; background-size: initial; background-repeat: initial; background-attachment: initial; background-origin: initial; background-clip: initial; color: #586063; font-family: Lato, Helvetica, Arial, Lucida, sans-serif; text-align: center;\"><span style=\"font-family: ABeeZee; font-size: 10pt;\"><span style=\"margin: 0px; padding: 0px; border: 0px; outline: 0px; text-size-adjust: 100%; vertical-align: baseline; background: transparent; font-weight: bold;\"><i>Devise<\/i>:<\/span>\u00a0Couronne (NOK)<\/span><\/p>\t\t\t\t\t<\/div>\n\t\t\t\t\t\t<\/div>\n\t\t\t\t<\/div>\n\t\t\t\t\t\t<\/div>\n\t\t\t\t\t<\/div>\n\t\t<\/div>\n\t\t\t\t\t\t\t\t<\/div>\n\t\t\t\t\t<\/div>\n\t\t<\/section>\n\t\t\t\t<section class=\"elementor-section elementor-top-section elementor-element elementor-element-6a389b6 elementor-section-boxed elementor-section-height-default elementor-section-height-default\" data-id=\"6a389b6\" data-element_type=\"section\">\n\t\t\t\t\t\t<div class=\"elementor-container elementor-column-gap-default\">\n\t\t\t\t\t\t\t<div class=\"elementor-row\">\n\t\t\t\t\t<div class=\"elementor-column elementor-col-100 elementor-top-column elementor-element elementor-element-43b1efd\" data-id=\"43b1efd\" data-element_type=\"column\">\n\t\t\t<div class=\"elementor-column-wrap elementor-element-populated\">\n\t\t\t\t\t\t\t<div class=\"elementor-widget-wrap\">\n\t\t\t\t\t\t<div class=\"elementor-element elementor-element-35e0be3 elementor-widget elementor-widget-text-editor\" data-id=\"35e0be3\" data-element_type=\"widget\" data-widget_type=\"text-editor.default\">\n\t\t\t\t<div class=\"elementor-widget-container\">\n\t\t\t\t\t\t\t\t<div class=\"elementor-text-editor elementor-clearfix\">\n\t\t\t\t<p>\u00a0<\/p><p>Les derniers articles sur la Norv\u00e8ge :<\/p>\t\t\t\t\t<\/div>\n\t\t\t\t\t\t<\/div>\n\t\t\t\t<\/div>\n\t\t\t\t\t\t<\/div>\n\t\t\t\t\t<\/div>\n\t\t<\/div>\n\t\t\t\t\t\t\t\t<\/div>\n\t\t\t\t\t<\/div>\n\t\t<\/section>\n\t\t\t\t<section class=\"elementor-section elementor-top-section elementor-element elementor-element-123b075 elementor-section-stretched elementor-section-boxed elementor-section-height-default elementor-section-height-default\" data-id=\"123b075\" data-element_type=\"section\" data-settings=\"{&quot;stretch_section&quot;:&quot;section-stretched&quot;}\">\n\t\t\t\t\t\t<div class=\"elementor-container elementor-column-gap-default\">\n\t\t\t\t\t\t\t<div class=\"elementor-row\">\n\t\t\t\t\t<div class=\"elementor-column elementor-col-50 elementor-top-column elementor-element elementor-element-a849984\" data-id=\"a849984\" data-element_type=\"column\">\n\t\t\t<div class=\"elementor-column-wrap elementor-element-populated\">\n\t\t\t\t\t\t\t<div class=\"elementor-widget-wrap\">\n\t\t\t\t\t\t<div class=\"elementor-element elementor-element-8148179 elementor-position-top elementor-vertical-align-top elementor-widget elementor-widget-image-box\" data-id=\"8148179\" data-element_type=\"widget\" data-widget_type=\"image-box.default\">\n\t\t\t\t<div class=\"elementor-widget-container\">\n\t\t\t<div class=\"elementor-image-box-wrapper\"><figure class=\"elementor-image-box-img\"><a href=\"http:\/\/elviresoubiran.com\/index.php\/top-5-des-choses-a-faire-a-tromso\/\"><img loading=\"lazy\" decoding=\"async\" width=\"2560\" height=\"1920\" src=\"https:\/\/elviresoubiran.com\/wp-content\/uploads\/2020\/11\/1604998722658-scaled.jpg\" class=\"elementor-animation-float attachment-full size-full wp-image-381\" alt=\"\" srcset=\"https:\/\/elviresoubiran.com\/wp-content\/uploads\/2020\/11\/1604998722658-scaled.jpg 2560w, https:\/\/elviresoubiran.com\/wp-content\/uploads\/2020\/11\/1604998722658-300x225.jpg 300w, https:\/\/elviresoubiran.com\/wp-content\/uploads\/2020\/11\/1604998722658-1024x768.jpg 1024w, https:\/\/elviresoubiran.com\/wp-content\/uploads\/2020\/11\/1604998722658-768x576.jpg 768w, https:\/\/elviresoubiran.com\/wp-content\/uploads\/2020\/11\/1604998722658-1536x1152.jpg 1536w, https:\/\/elviresoubiran.com\/wp-content\/uploads\/2020\/11\/1604998722658-2048x1536.jpg 2048w\" sizes=\"(max-width: 767px) 89vw, (max-width: 1000px) 54vw, (max-width: 1071px) 543px, 580px\" \/><\/a><\/figure><div class=\"elementor-image-box-content\"><h4 class=\"elementor-image-box-title\"><a href=\"http:\/\/elviresoubiran.com\/index.php\/top-5-des-choses-a-faire-a-tromso\/\">Top 6 des choses \u00e0 faire \u00e0 Troms\u00f8<\/a><\/h4><p class=\"elementor-image-box-description\">Troms\u00f8 est une petit ville au nord de la Norv\u00e8ge, au-dessus du cercle Arctique. C'est notamment un point d'observation c\u00e9l\u00e8bre pour les aurores bor\u00e9ales.<\/p><\/div><\/div>\t\t<\/div>\n\t\t\t\t<\/div>\n\t\t\t\t\t\t<\/div>\n\t\t\t\t\t<\/div>\n\t\t<\/div>\n\t\t\t\t<div class=\"elementor-column elementor-col-50 elementor-top-column elementor-element elementor-element-e207e8b\" data-id=\"e207e8b\" data-element_type=\"column\">\n\t\t\t<div class=\"elementor-column-wrap elementor-element-populated\">\n\t\t\t\t\t\t\t<div class=\"elementor-widget-wrap\">\n\t\t\t\t\t\t<div class=\"elementor-element elementor-element-64a001e elementor-position-top elementor-vertical-align-top elementor-widget elementor-widget-image-box\" data-id=\"64a001e\" data-element_type=\"widget\" data-widget_type=\"image-box.default\">\n\t\t\t\t<div class=\"elementor-widget-container\">\n\t\t\t<div class=\"elementor-image-box-wrapper\"><figure class=\"elementor-image-box-img\"><a href=\"http:\/\/elviresoubiran.com\/index.php\/explorer-oslo-le-temps-dune-journee\/\"><img loading=\"lazy\" decoding=\"async\" width=\"2560\" height=\"1920\" src=\"https:\/\/elviresoubiran.com\/wp-content\/uploads\/2020\/11\/1604937112984-scaled.jpg\" class=\"elementor-animation-float attachment-full size-full wp-image-241\" alt=\"\" srcset=\"https:\/\/elviresoubiran.com\/wp-content\/uploads\/2020\/11\/1604937112984-scaled.jpg 2560w, https:\/\/elviresoubiran.com\/wp-content\/uploads\/2020\/11\/1604937112984-300x225.jpg 300w, https:\/\/elviresoubiran.com\/wp-content\/uploads\/2020\/11\/1604937112984-1024x768.jpg 1024w, https:\/\/elviresoubiran.com\/wp-content\/uploads\/2020\/11\/1604937112984-768x576.jpg 768w, https:\/\/elviresoubiran.com\/wp-content\/uploads\/2020\/11\/1604937112984-1536x1152.jpg 1536w, https:\/\/elviresoubiran.com\/wp-content\/uploads\/2020\/11\/1604937112984-2048x1536.jpg 2048w\" sizes=\"(max-width: 767px) 89vw, (max-width: 1000px) 54vw, (max-width: 1071px) 543px, 580px\" \/><\/a><\/figure><div class=\"elementor-image-box-content\"><h4 class=\"elementor-image-box-title\"><a href=\"http:\/\/elviresoubiran.com\/index.php\/explorer-oslo-le-temps-dune-journee\/\">Explorer Oslo le temps d'une journ\u00e9e<\/a><\/h4><p class=\"elementor-image-box-description\">Impossible de venir visiter la Norv\u00e8ge sans passer par sa capitale, Oslo ! Voici les lieux \u00e0 visiter si vous n'y \u00eates que le temps d'une journ\u00e9e.<\/p><\/div><\/div>\t\t<\/div>\n\t\t\t\t<\/div>\n\t\t\t\t\t\t<\/div>\n\t\t\t\t\t<\/div>\n\t\t<\/div>\n\t\t\t\t\t\t\t\t<\/div>\n\t\t\t\t\t<\/div>\n\t\t<\/section>\n\t\t\t\t<section class=\"elementor-section elementor-top-section elementor-element elementor-element-0e2abb7 elementor-section-stretched elementor-section-boxed elementor-section-height-default elementor-section-height-default\" data-id=\"0e2abb7\" data-element_type=\"section\" data-settings=\"{&quot;stretch_section&quot;:&quot;section-stretched&quot;}\">\n\t\t\t\t\t\t<div class=\"elementor-container elementor-column-gap-default\">\n\t\t\t\t\t\t\t<div class=\"elementor-row\">\n\t\t\t\t\t<div class=\"elementor-column elementor-col-50 elementor-top-column elementor-element elementor-element-facf03a\" data-id=\"facf03a\" data-element_type=\"column\">\n\t\t\t<div class=\"elementor-column-wrap elementor-element-populated\">\n\t\t\t\t\t\t\t<div class=\"elementor-widget-wrap\">\n\t\t\t\t\t\t<div class=\"elementor-element elementor-element-c8fa407 elementor-position-top elementor-vertical-align-top elementor-widget elementor-widget-image-box\" data-id=\"c8fa407\" data-element_type=\"widget\" data-widget_type=\"image-box.default\">\n\t\t\t\t<div class=\"elementor-widget-container\">\n\t\t\t<div class=\"elementor-image-box-wrapper\"><figure class=\"elementor-image-box-img\"><a href=\"http:\/\/elviresoubiran.com\/index.php\/road-trip-au-nord-du-cercle-polaire-arctique\/\"><img loading=\"lazy\" decoding=\"async\" width=\"2560\" height=\"1920\" src=\"https:\/\/elviresoubiran.com\/wp-content\/uploads\/2020\/11\/1604954850331-scaled.jpg\" class=\"elementor-animation-float attachment-full size-full wp-image-313\" alt=\"\" srcset=\"https:\/\/elviresoubiran.com\/wp-content\/uploads\/2020\/11\/1604954850331-scaled.jpg 2560w, https:\/\/elviresoubiran.com\/wp-content\/uploads\/2020\/11\/1604954850331-300x225.jpg 300w, https:\/\/elviresoubiran.com\/wp-content\/uploads\/2020\/11\/1604954850331-1024x768.jpg 1024w, https:\/\/elviresoubiran.com\/wp-content\/uploads\/2020\/11\/1604954850331-768x576.jpg 768w, https:\/\/elviresoubiran.com\/wp-content\/uploads\/2020\/11\/1604954850331-1536x1152.jpg 1536w, https:\/\/elviresoubiran.com\/wp-content\/uploads\/2020\/11\/1604954850331-2048x1536.jpg 2048w\" sizes=\"(max-width: 767px) 89vw, (max-width: 1000px) 54vw, (max-width: 1071px) 543px, 580px\" \/><\/a><\/figure><div class=\"elementor-image-box-content\"><h4 class=\"elementor-image-box-title\"><a href=\"http:\/\/elviresoubiran.com\/index.php\/road-trip-au-nord-du-cercle-polaire-arctique\/\">Road trip au nord du cercle polaire arctique<\/a><\/h4><p class=\"elementor-image-box-description\">Traverser les fjords norv\u00e9giens, s'\u00e9merveiller devant une nature incroyable, admirer des couchers de soleil \u00e0 couper le souffle et partir \u00e0 la chasse aux aurores bor\u00e9ales. <\/p><\/div><\/div>\t\t<\/div>\n\t\t\t\t<\/div>\n\t\t\t\t\t\t<\/div>\n\t\t\t\t\t<\/div>\n\t\t<\/div>\n\t\t\t\t<div class=\"elementor-column elementor-col-50 elementor-top-column elementor-element elementor-element-851cb16\" data-id=\"851cb16\" data-element_type=\"column\">\n\t\t\t<div class=\"elementor-column-wrap\">\n\t\t\t\t\t\t\t<div class=\"elementor-widget-wrap\">\n\t\t\t\t\t\t\t\t<\/div>\n\t\t\t\t\t<\/div>\n\t\t<\/div>\n\t\t\t\t\t\t\t\t<\/div>\n\t\t\t\t\t<\/div>\n\t\t<\/section>\n\t\t\t\t\t\t\t\t\t<\/div>\n\t\t\t<\/div>\n\t\t\t\t\t<\/div>\n\t\t","protected":false},"excerpt":{"rendered":"<p>Capitale:\u00a0Oslo Superficie:\u00a0385 200 km2 Population:\u00a05,4 millions d\u2019habitants (2020) Densit\u00e9:\u00a014 hab.\/km2 Devise:\u00a0Couronne (NOK) \u00a0 Les derniers articles sur la Norv\u00e8ge : Top 6 des choses \u00e0 faire \u00e0 Troms\u00f8 Troms\u00f8 est une petit ville au nord de la Norv\u00e8ge, au-dessus du cercle Arctique. C&#8217;est notamment un point d&#8217;observation c\u00e9l\u00e8bre pour les aurores bor\u00e9ales. Explorer Oslo le &hellip; <\/p>\n<p class=\"link-more\"><a href=\"https:\/\/elviresoubiran.com\/index.php\/norvege\/\" class=\"more-link\">Continue reading<span class=\"screen-reader-text\"> &#8220;Norv\u00e8ge&#8221;<\/span><\/a><\/p>\n","protected":false},"author":1,"featured_media":0,"parent":0,"menu_order":0,"comment_status":"closed","ping_status":"closed","template":"","meta":{"footnotes":""},"_links":{"self":[{"href":"https:\/\/elviresoubiran.com\/index.php\/wp-json\/wp\/v2\/pages\/231"}],"collection":[{"href":"https:\/\/elviresoubiran.com\/index.php\/wp-json\/wp\/v2\/pages"}],"about":[{"href":"https:\/\/elviresoubiran.com\/index.php\/wp-json\/wp\/v2\/types\/page"}],"author":[{"embeddable":true,"href":"https:\/\/elviresoubiran.com\/index.php\/wp-json\/wp\/v2\/users\/1"}],"replies":[{"embeddable":true,"href":"https:\/\/elviresoubiran.com\/index.php\/wp-json\/wp\/v2\/comments?post=231"}],"version-history":[{"count":40,"href":"https:\/\/elviresoubiran.com\/index.php\/wp-json\/wp\/v2\/pages\/231\/revisions"}],"predecessor-version":[{"id":990,"href":"https:\/\/elviresoubiran.com\/index.php\/wp-json\/wp\/v2\/pages\/231\/revisions\/990"}],"wp:attachment":[{"href":"https:\/\/elviresoubiran.com\/index.php\/wp-json\/wp\/v2\/media?parent=231"}],"curies":[{"name":"wp","href":"https:\/\/api.w.org\/{rel}","templated":true}]}}