{"id":228,"date":"2020-11-09T17:53:59","date_gmt":"2020-11-09T16:53:59","guid":{"rendered":"http:\/\/elviresoubiran.com\/?page_id=228"},"modified":"2021-04-29T19:19:52","modified_gmt":"2021-04-29T17:19:52","slug":"provence-alpes-cote-dazur","status":"publish","type":"page","link":"https:\/\/elviresoubiran.com\/index.php\/provence-alpes-cote-dazur\/","title":{"rendered":"Provence-Alpes-C\u00f4te d\u2019Azur"},"content":{"rendered":"\t\t<div data-elementor-type=\"wp-page\" data-elementor-id=\"228\" class=\"elementor elementor-228\">\n\t\t\t\t\t\t<div class=\"elementor-inner\">\n\t\t\t\t<div class=\"elementor-section-wrap\">\n\t\t\t\t\t\t\t\t\t<section class=\"elementor-section elementor-top-section elementor-element elementor-element-66e9e1eb elementor-section-boxed elementor-section-height-default elementor-section-height-default\" data-id=\"66e9e1eb\" data-element_type=\"section\">\n\t\t\t\t\t\t<div class=\"elementor-container elementor-column-gap-default\">\n\t\t\t\t\t\t\t<div class=\"elementor-row\">\n\t\t\t\t\t<div class=\"elementor-column elementor-col-100 elementor-top-column elementor-element elementor-element-7d1ebf9c\" data-id=\"7d1ebf9c\" data-element_type=\"column\">\n\t\t\t<div class=\"elementor-column-wrap elementor-element-populated\">\n\t\t\t\t\t\t\t<div class=\"elementor-widget-wrap\">\n\t\t\t\t\t\t<div class=\"elementor-element elementor-element-571c4a13 elementor-widget elementor-widget-text-editor\" data-id=\"571c4a13\" data-element_type=\"widget\" data-widget_type=\"text-editor.default\">\n\t\t\t\t<div class=\"elementor-widget-container\">\n\t\t\t\t\t\t\t\t<div class=\"elementor-text-editor elementor-clearfix\">\n\t\t\t\t<!-- wp:paragraph -->\n<p>Plus d&#8217;articles \u00e0 venir.<\/p>\n<!-- \/wp:paragraph -->\t\t\t\t\t<\/div>\n\t\t\t\t\t\t<\/div>\n\t\t\t\t<\/div>\n\t\t\t\t\t\t<\/div>\n\t\t\t\t\t<\/div>\n\t\t<\/div>\n\t\t\t\t\t\t\t\t<\/div>\n\t\t\t\t\t<\/div>\n\t\t<\/section>\n\t\t\t\t<section class=\"elementor-section elementor-top-section elementor-element elementor-element-fc1a85f elementor-section-stretched elementor-section-boxed elementor-section-height-default elementor-section-height-default\" data-id=\"fc1a85f\" data-element_type=\"section\" data-settings=\"{&quot;stretch_section&quot;:&quot;section-stretched&quot;}\">\n\t\t\t\t\t\t<div class=\"elementor-container elementor-column-gap-default\">\n\t\t\t\t\t\t\t<div class=\"elementor-row\">\n\t\t\t\t\t<div class=\"elementor-column elementor-col-50 elementor-top-column elementor-element elementor-element-44f09f7\" data-id=\"44f09f7\" data-element_type=\"column\">\n\t\t\t<div class=\"elementor-column-wrap elementor-element-populated\">\n\t\t\t\t\t\t\t<div class=\"elementor-widget-wrap\">\n\t\t\t\t\t\t<div class=\"elementor-element elementor-element-817af07 elementor-position-top elementor-vertical-align-top elementor-widget elementor-widget-image-box\" data-id=\"817af07\" data-element_type=\"widget\" data-widget_type=\"image-box.default\">\n\t\t\t\t<div class=\"elementor-widget-container\">\n\t\t\t<div class=\"elementor-image-box-wrapper\"><figure class=\"elementor-image-box-img\"><a href=\"http:\/\/elviresoubiran.com\/index.php\/au-coeur-du-colorado-provencal\/\"><img loading=\"lazy\" decoding=\"async\" width=\"2560\" height=\"1920\" src=\"https:\/\/elviresoubiran.com\/wp-content\/uploads\/2020\/11\/1605042093694-scaled.jpg\" class=\"elementor-animation-float attachment-full size-full wp-image-528\" alt=\"\" srcset=\"https:\/\/elviresoubiran.com\/wp-content\/uploads\/2020\/11\/1605042093694-scaled.jpg 2560w, https:\/\/elviresoubiran.com\/wp-content\/uploads\/2020\/11\/1605042093694-300x225.jpg 300w, https:\/\/elviresoubiran.com\/wp-content\/uploads\/2020\/11\/1605042093694-1024x768.jpg 1024w, https:\/\/elviresoubiran.com\/wp-content\/uploads\/2020\/11\/1605042093694-768x576.jpg 768w, https:\/\/elviresoubiran.com\/wp-content\/uploads\/2020\/11\/1605042093694-1536x1152.jpg 1536w, https:\/\/elviresoubiran.com\/wp-content\/uploads\/2020\/11\/1605042093694-2048x1536.jpg 2048w\" sizes=\"(max-width: 767px) 89vw, (max-width: 1000px) 54vw, (max-width: 1071px) 543px, 580px\" \/><\/a><\/figure><div class=\"elementor-image-box-content\"><h4 class=\"elementor-image-box-title\"><a href=\"http:\/\/elviresoubiran.com\/index.php\/au-coeur-du-colorado-provencal\/\">Au coeur du Colorado Proven\u00e7al<\/a><\/h4><p class=\"elementor-image-box-description\">Souvent compar\u00e9es aux rocheuses spectaculaires des grands parcs des Etats Unis, les Ocres de Roussillon offrent des paysages aux teintes flamboyantes.<\/p><\/div><\/div>\t\t<\/div>\n\t\t\t\t<\/div>\n\t\t\t\t\t\t<\/div>\n\t\t\t\t\t<\/div>\n\t\t<\/div>\n\t\t\t\t<div class=\"elementor-column elementor-col-50 elementor-top-column elementor-element elementor-element-0e8e4b9\" data-id=\"0e8e4b9\" data-element_type=\"column\">\n\t\t\t<div class=\"elementor-column-wrap elementor-element-populated\">\n\t\t\t\t\t\t\t<div class=\"elementor-widget-wrap\">\n\t\t\t\t\t\t<div class=\"elementor-element elementor-element-83eecce elementor-position-top elementor-vertical-align-top elementor-widget elementor-widget-image-box\" data-id=\"83eecce\" data-element_type=\"widget\" data-widget_type=\"image-box.default\">\n\t\t\t\t<div class=\"elementor-widget-container\">\n\t\t\t<div class=\"elementor-image-box-wrapper\"><figure class=\"elementor-image-box-img\"><a href=\"http:\/\/elviresoubiran.com\/index.php\/une-journee-dans-les-gorges-du-verdon\/\"><img loading=\"lazy\" decoding=\"async\" width=\"1911\" height=\"1437\" src=\"https:\/\/elviresoubiran.com\/wp-content\/uploads\/2020\/11\/1605287220516-1-scaled-e1605288142524.jpg\" class=\"elementor-animation-float attachment-full size-full wp-image-621\" alt=\"\" srcset=\"https:\/\/elviresoubiran.com\/wp-content\/uploads\/2020\/11\/1605287220516-1-scaled-e1605288142524.jpg 1911w, https:\/\/elviresoubiran.com\/wp-content\/uploads\/2020\/11\/1605287220516-1-scaled-e1605288142524-300x226.jpg 300w, https:\/\/elviresoubiran.com\/wp-content\/uploads\/2020\/11\/1605287220516-1-scaled-e1605288142524-1024x770.jpg 1024w, https:\/\/elviresoubiran.com\/wp-content\/uploads\/2020\/11\/1605287220516-1-scaled-e1605288142524-768x578.jpg 768w, https:\/\/elviresoubiran.com\/wp-content\/uploads\/2020\/11\/1605287220516-1-scaled-e1605288142524-1536x1155.jpg 1536w\" sizes=\"(max-width: 767px) 89vw, (max-width: 1000px) 54vw, (max-width: 1071px) 543px, 580px\" \/><\/a><\/figure><div class=\"elementor-image-box-content\"><h4 class=\"elementor-image-box-title\"><a href=\"http:\/\/elviresoubiran.com\/index.php\/une-journee-dans-les-gorges-du-verdon\/\">Une journ\u00e9e dans les Gorges du Verdon<\/a><\/h4><p class=\"elementor-image-box-description\">D\u00e9couvrir les ces fameuses Gorges du Verdon au travers d'une somptueuse randonn\u00e9e, en \u00e9tant, pour couronner le tout, seuls au monde !<\/p><\/div><\/div>\t\t<\/div>\n\t\t\t\t<\/div>\n\t\t\t\t\t\t<\/div>\n\t\t\t\t\t<\/div>\n\t\t<\/div>\n\t\t\t\t\t\t\t\t<\/div>\n\t\t\t\t\t<\/div>\n\t\t<\/section>\n\t\t\t\t\t\t\t\t\t<\/div>\n\t\t\t<\/div>\n\t\t\t\t\t<\/div>\n\t\t","protected":false},"excerpt":{"rendered":"<p>Plus d&#8217;articles \u00e0 venir. Au coeur du Colorado Proven\u00e7al Souvent compar\u00e9es aux rocheuses spectaculaires des grands parcs des Etats Unis, les Ocres de Roussillon offrent des paysages aux teintes flamboyantes. Une journ\u00e9e dans les Gorges du Verdon D\u00e9couvrir les ces fameuses Gorges du Verdon au travers d&#8217;une somptueuse randonn\u00e9e, en \u00e9tant, pour couronner le tout, &hellip; <\/p>\n<p class=\"link-more\"><a href=\"https:\/\/elviresoubiran.com\/index.php\/provence-alpes-cote-dazur\/\" class=\"more-link\">Continue reading<span class=\"screen-reader-text\"> &#8220;Provence-Alpes-C\u00f4te d\u2019Azur&#8221;<\/span><\/a><\/p>\n","protected":false},"author":1,"featured_media":0,"parent":0,"menu_order":0,"comment_status":"closed","ping_status":"closed","template":"","meta":{"footnotes":""},"_links":{"self":[{"href":"https:\/\/elviresoubiran.com\/index.php\/wp-json\/wp\/v2\/pages\/228"}],"collection":[{"href":"https:\/\/elviresoubiran.com\/index.php\/wp-json\/wp\/v2\/pages"}],"about":[{"href":"https:\/\/elviresoubiran.com\/index.php\/wp-json\/wp\/v2\/types\/page"}],"author":[{"embeddable":true,"href":"https:\/\/elviresoubiran.com\/index.php\/wp-json\/wp\/v2\/users\/1"}],"replies":[{"embeddable":true,"href":"https:\/\/elviresoubiran.com\/index.php\/wp-json\/wp\/v2\/comments?post=228"}],"version-history":[{"count":18,"href":"https:\/\/elviresoubiran.com\/index.php\/wp-json\/wp\/v2\/pages\/228\/revisions"}],"predecessor-version":[{"id":1111,"href":"https:\/\/elviresoubiran.com\/index.php\/wp-json\/wp\/v2\/pages\/228\/revisions\/1111"}],"wp:attachment":[{"href":"https:\/\/elviresoubiran.com\/index.php\/wp-json\/wp\/v2\/media?parent=228"}],"curies":[{"name":"wp","href":"https:\/\/api.w.org\/{rel}","templated":true}]}}